{"id":1596,"date":"2023-12-17T04:20:08","date_gmt":"2023-12-17T04:20:08","guid":{"rendered":"https:\/\/violetapizpireta.com\/?post_type=product&#038;p=1596"},"modified":"2025-06-16T23:17:53","modified_gmt":"2025-06-16T23:17:53","slug":"mulera","status":"publish","type":"product","link":"https:\/\/violetapizpireta.com\/index.php\/producto\/mulera\/","title":{"rendered":"Mulera"},"content":{"rendered":"<h1><span style=\"color: #57009a;\">Mulera<\/span><\/h1>\n<p><span style=\"color: #00e7c8;\">Productos Personalizados y Publicitarios<\/span>.<\/p>\n<p><strong>Despu\u00e9s De Realizar Tu Compra, Recuerda Escribirnos Al WhatsApp 3219803681 Para Confirmar Tu Pago, Pedido Y Dise\u00f1o.<\/strong><\/p>\n<p>Si Deseas Compras Al Por Mayor Comun\u00edcate Con Nosotros Para Verificar Cantidades y Realizar La Compra Directa Para Obtener Los Descuentos.<\/p>\n<p><span style=\"color: #00e7c8;\">DETALLE DEL PRODUCTO:<\/span><\/p>\n<p><span style=\"color: #57009a;\">Medidas\/Capacidad (aproximadas): <span style=\"color: #000000;\">Adulto \/medio poncho<\/span><\/span><\/p>\n<p><span style=\"color: #57009a;\">Material: <span style=\"color: #000000;\">Crudo<\/span><\/span><\/p>\n<p><span style=\"color: #57009a;\">Tipo de Marcaci\u00f3n: <span style=\"color: #000000;\">Sublimaci\u00f3n<\/span><\/span><\/p>\n<hr \/>\n<h4><span style=\"color: #57009a;\">Precios Mayoristas:<\/span><\/h4>\n<p>\ud83d\udc9c1 a 12 unidades $ 17.900 c\/u<\/p>\n<p>\ud83d\udc9c13 a 100 unidades $ 14.376 c\/u<\/p>\n<p>\ud83d\udc9c101\u00a0 a 600 unidades $ 10.782 c\/u<\/p>\n<p>\ud83d\udc9c601\u00a0 a 999 unidades $ 8.985 c\/u<\/p>\n<p>\ud83d\udc9c1.000 + unidades $ 7.188 c\/u<\/p>\n<hr \/>\n<p>En Violeta Pizpireta publicidad y personalizados encuentras regalos y recordatorios para fechas especiales y material publicitario para tus eventos.<\/p>\n<blockquote class=\"tiktok-embed\" cite=\"https:\/\/www.tiktok.com\/@violetapizpireta\/video\/7355498169775525125\" data-video-id=\"7355498169775525125\" data-embed-from=\"oembed\" style=\"max-width:605px; min-width:325px;\">\n<section> <a target=\"_blank\" title=\"@violetapizpireta\" href=\"https:\/\/www.tiktok.com\/@violetapizpireta?refer=embed\" rel=\"noopener\">@violetapizpireta<\/a> <\/p>\n<p>Dia 7 mostrando nuestros productos: Ponchos y muleras especiales para ferias y fiestas, eventos empresariales y cumplea\u00f1os. Estampados full color. 3\ufe0f\u20e32\ufe0f\u20e31\ufe0f\u20e39\ufe0f\u20e38\ufe0f\u20e30\ufe0f\u20e33\ufe0f\u20e36\ufe0f\u20e38\ufe0f\u20e31\ufe0f\u20e3 <a title=\"poncho\" target=\"_blank\" href=\"https:\/\/www.tiktok.com\/tag\/poncho?refer=embed\" rel=\"noopener\">#poncho<\/a> <a title=\"mulera\" target=\"_blank\" href=\"https:\/\/www.tiktok.com\/tag\/mulera?refer=embed\" rel=\"noopener\">#mulera<\/a> <a title=\"estampados\" target=\"_blank\" href=\"https:\/\/www.tiktok.com\/tag\/estampados?refer=embed\" rel=\"noopener\">#estampados<\/a> <a title=\"feriasyfiestas\" target=\"_blank\" href=\"https:\/\/www.tiktok.com\/tag\/feriasyfiestas?refer=embed\" rel=\"noopener\">#feriasyfiestas<\/a> <a title=\"feriaspatronales\" target=\"_blank\" href=\"https:\/\/www.tiktok.com\/tag\/feriaspatronales?refer=embed\" rel=\"noopener\">#feriaspatronales<\/a> <a title=\"eventoempresarial\" target=\"_blank\" href=\"https:\/\/www.tiktok.com\/tag\/eventoempresarial?refer=embed\" rel=\"noopener\">#eventoempresarial<\/a> <a title=\"empresas\" target=\"_blank\" href=\"https:\/\/www.tiktok.com\/tag\/empresas?refer=embed\" rel=\"noopener\">#empresas<\/a> <a title=\"fiestadefindea\u00f1o\" target=\"_blank\" href=\"https:\/\/www.tiktok.com\/tag\/fiestadefindea%C3%B1o?refer=embed\" rel=\"noopener\">#fiestadefindea\u00f1o<\/a> <a title=\"cumplea\u00f1os\" target=\"_blank\" href=\"https:\/\/www.tiktok.com\/tag\/cumplea%C3%B1os?refer=embed\" rel=\"noopener\">#cumplea\u00f1os<\/a> <a title=\"fiestatematica\" target=\"_blank\" href=\"https:\/\/www.tiktok.com\/tag\/fiestatematica?refer=embed\" rel=\"noopener\">#fiestatematica<\/a> <a title=\"bogota\" target=\"_blank\" href=\"https:\/\/www.tiktok.com\/tag\/bogota?refer=embed\" rel=\"noopener\">#bogota<\/a> <a title=\"colombia\" target=\"_blank\" href=\"https:\/\/www.tiktok.com\/tag\/colombia?refer=embed\" rel=\"noopener\">#colombia<\/a> <\/p>\n<p> <a target=\"_blank\" title=\"\u266c sonido original - VioletaPizpireta\" href=\"https:\/\/www.tiktok.com\/music\/sonido-original-7355498184903510789?refer=embed\" rel=\"noopener\">\u266c sonido original &#8211; VioletaPizpireta<\/a> <\/section>\n<\/blockquote>\n<p> <script async src=\"https:\/\/www.tiktok.com\/embed.js\"><\/script><\/p>\n<h6><em><span style=\"color: #57009a;\">S\u00edguenos y encuentra mas fotos de los productos.<\/span><\/em><\/h6>\n<p><em>Instagram productos<\/em> <a href=\"https:\/\/www.instagram.com\/violeta_pizpireta?igsh=cGl1cWVodHR6bjJw&amp;utm_source=qr\" target=\"_blank\" rel=\"noopener\">https:\/\/www.instagram.com\/violeta_pizpireta?igsh=cGl1cWVodHR6bjJw&amp;utm_source=qr<\/a><\/p>\n<p><em>Instagram L\u00e1mparas Led<\/em> <a href=\"https:\/\/www.instagram.com\/personaliza_tu_lampara?igsh=cmFyZGNmbml5aTJr&amp;utm_source=qr\" target=\"_blank\" rel=\"noopener\">https:\/\/www.instagram.com\/personaliza_tu_lampara?igsh=cmFyZGNmbml5aTJr&amp;utm_source=qr<\/a><\/p>\n<p><em>TikTok<\/em> <a href=\"https:\/\/www.tiktok.com\/@violetapizpireta?_t=8j0Q0eo8CrV&amp;_r=1\" target=\"_blank\" rel=\"noopener\">https:\/\/www.tiktok.com\/@violetapizpireta?_t=8j0Q0eo8CrV&amp;_r=1<\/a><\/p>\n<p><em>YouTube<\/em> <a href=\"https:\/\/www.youtube.com\/watch?v=sMYvw27Ng2c\" target=\"_blank\" rel=\"noopener\">Violeta Pizpireta Publicidad y Personalizados &#8211; YouTube<\/a><\/p>\n<hr \/>\n<p>No Realizamos Cambios Por Productos Personalizados Ni Devoluci\u00f3n De Dinero. Por Ello Esperamos Confirmaci\u00f3n De Pedido Y Aprobaci\u00f3n De Dise\u00f1o Por Parte Del Cliente. Todos Nuestros Productos Llevan Nuestra Marca: Ya Sea Logotipo, Redes Sociales, Nombre Y\/O WhatsApp. Si Desea Que Nuestra Marca No Aparezca En Los Productos Debe Solicitarlo En El Momento De Realizar El Pago Del Primer 50% De Lo Contrario Se Marcaran Y No Tendr\u00e1n Cambio Ni Devoluci\u00f3n De Dinero.<\/p>\n","protected":false},"excerpt":{"rendered":"<p><em>Tu pedido estar\u00e1 listo de 2 a 6 d\u00edas h\u00e1biles (lunes a viernes) a partir de la confirmaci\u00f3n del pago y dise\u00f1o.<\/em><\/p>\n<p>\ud83d\udc9c Precios abajo en la descripci\u00f3n.<\/p>\n","protected":false},"featured_media":2572,"comment_status":"open","ping_status":"closed","template":"","meta":{"site-sidebar-layout":"default","site-content-layout":"default","ast-global-header-display":"","ast-main-header-display":"","ast-hfb-above-header-display":"","ast-hfb-below-header-display":"","ast-hfb-mobile-header-display":"","site-post-title":"","ast-breadcrumbs-content":"","ast-featured-img":"","footer-sml-layout":"","theme-transparent-header-meta":"default","adv-header-id-meta":"","stick-header-meta":"","header-above-stick-meta":"","header-main-stick-meta":"","header-below-stick-meta":""},"product_brand":[],"product_cat":[36],"product_tag":[155,188,154,153],"class_list":{"0":"post-1596","1":"product","2":"type-product","3":"status-publish","4":"has-post-thumbnail","6":"product_cat-otros","7":"product_tag-ferias-y-fiestas","8":"product_tag-mulera","9":"product_tag-politica","10":"product_tag-poncho","11":"desktop-align-center","12":"tablet-align-left","13":"mobile-align-left","15":"first","16":"instock","17":"sale","18":"taxable","19":"shipping-taxable","20":"purchasable","21":"product-type-simple"},"jetpack_sharing_enabled":true,"_links":{"self":[{"href":"https:\/\/violetapizpireta.com\/index.php\/wp-json\/wp\/v2\/product\/1596","targetHints":{"allow":["GET"]}}],"collection":[{"href":"https:\/\/violetapizpireta.com\/index.php\/wp-json\/wp\/v2\/product"}],"about":[{"href":"https:\/\/violetapizpireta.com\/index.php\/wp-json\/wp\/v2\/types\/product"}],"replies":[{"embeddable":true,"href":"https:\/\/violetapizpireta.com\/index.php\/wp-json\/wp\/v2\/comments?post=1596"}],"wp:featuredmedia":[{"embeddable":true,"href":"https:\/\/violetapizpireta.com\/index.php\/wp-json\/wp\/v2\/media\/2572"}],"wp:attachment":[{"href":"https:\/\/violetapizpireta.com\/index.php\/wp-json\/wp\/v2\/media?parent=1596"}],"wp:term":[{"taxonomy":"product_brand","embeddable":true,"href":"https:\/\/violetapizpireta.com\/index.php\/wp-json\/wp\/v2\/product_brand?post=1596"},{"taxonomy":"product_cat","embeddable":true,"href":"https:\/\/violetapizpireta.com\/index.php\/wp-json\/wp\/v2\/product_cat?post=1596"},{"taxonomy":"product_tag","embeddable":true,"href":"https:\/\/violetapizpireta.com\/index.php\/wp-json\/wp\/v2\/product_tag?post=1596"}],"curies":[{"name":"wp","href":"https:\/\/api.w.org\/{rel}","templated":true}]}}